3
What is the hundreds digit of 719812?
8
What is the ten thousands digit of 188702?
8
What is the thousands digit of 63416?
3
What is the hundreds digit of 4279032?
0
What is the tens digit of 7016996?
9
What is the ten thousands digit of 155812?
5
What is the millions digit of 2108567?
2
What is the thousands digit of 7715396?
5
What is the hundreds digit of 41615?
6
What is the thousands digit of 221794?
1
What is the thousands digit of 12846931?
6
What is the tens digit of 8199687?
8
What is the units digit of 264114?
4
What is the thousands digit of 6862581?
2
What is the hundreds digit of 225546?
5
What is the ten thousands digit of 246108?
4
What is the millions digit of 5216055?
5
What is the thousands digit of 5371412?
1
What is the units digit of 4615668?
8
What is the millions digit of 4960284?
4
What is the ten thousands digit of 24952786?
5
What is the thousands digit of 232547?
2
What is the thousands digit of 1802599?
2
What is the ten thousands digit of 25208036?
0
What is the tens digit of 165916?
1
What is the units digit of 2658297?
7
What is the hundred thousands digit of 340651?
3
What is the thousands digit of 359288?
9
What is the hundreds digit of 232985?
9
What is the ten millions digit of 19297817?
1
What is the ten thousands digit of 3543563?
4
What is the thousands digit of 3375750?
5
What is the tens digit of 134747?
4
What is the thousands digit of 1133562?
3
What is the ten thousands digit of 1658670?
5
What is the thousands digit of 153420?
3
What is the hundred thousands digit of 4454757?
4
What is the units digit of 7011?
1
What is the units digit of 3168650?
0
What is the hundred thousands digit of 621711?
6
What is the hundred thousands digit of 6748812?
7
What is the hundred thousands digit of 605759?
6
What is the tens digit of 111036?
3
What is the hundred thousands digit of 706127?
7
What is the units digit of 185832?
2
What is the hundreds digit of 11945507?
5
What is the units digit of 460866?
6
What is the units digit of 371854?
4
What is the ten thousands digit of 736802?
3
What is the hundred thousands digit of 9017919?
0
What is the millions digit of 2140858?
2
What is the millions digit of 3395197?
3
What is the units digit of 524561?
1
What is the ten thousands digit of 401186?
0
What is the tens digit of 707312?
1
What is the thousands digit of 192545?
2
What is the millions digit of 11072328?
1
What is the units digit of 622141?
1
What is the units digit of 526976?
6
What is the tens digit of 646599?
9
What is the thousands digit of 97009?
7
What is the hundred thousands digit of 8984443?
9
What is the millions digit of 17044596?
7
What is the ten thousands digit of 141860?
4
What is the ten thousands digit of 3565514?
6
What is the tens digit of 3562237?
3
What is the ten thousands digit of 867995?
6
What is the tens digit of 825096?
9
What is the ten thousands digit of 69272?
6
What is the hundreds digit of 205001?
0
What is the units digit of 13109689?
9
What is the tens digit of 257761?
6
What is the units digit of 5217055?
5
What is the ten thousands digit of 684340?
8
What is the ten thousands digit of 1138941?
3
What is the tens digit of 612008?
0
What is the thousands digit of 3028413?
8
What is the hundred thousands digit of 1249441?
2
What is the tens digit of 1143078?
7
What is the ten millions digit of 27536094?
2
What is the units digit of 789343?
3
What is the units digit of 3663980?
0
What is the tens digit of 1381?
8
What is the hundred thousands digit of 4232235?
2
What is the thousands digit of 957056?
7
What is the units digit of 1211926?
6
What is the thousands digit of 804390?
4
What is the thousands digit of 2447383?
7
What is the hundred thousands digit of 167913?
1
What is the hundreds digit of 14839?
8
What is the thousands digit of 806179?
6
What is the thousands digit of 3143807?
3
What is the hundreds digit of 16951336?
3
What is the tens digit of 672468?
6
What is the thousands digit of 443727?
3
What is the millions digit of 24801546?
4
What is the hundreds digit of 566498?
4
What is the millions digit of 1313109?
1
What is the units digit of 3466310?
0
What is the tens digit of 7721007?
0
What is the units digit of 257495?
5
What is the thousands digit of 3204774?
4
What is the thousands digit of 5600015?
0
What is the hundred thousands digit of 14191536?
1
What is the units digit of 76876?
6
What is the tens digit of 1659574?
7
What is the millions digit of 4120296?
4
What is the tens digit of 30049956?
5
What is the tens digit of 91334?
3
What is the units digit of 1210862?
2
What is the hundred thousands digit of 789903?
7
What is the hundred thousands digit of 998635?
9
What is the millions digit of 2657603?
2
What is the thousands digit of 1523484?
3
What is the tens digit of 2288504?
0
What is the hundred thousands digit of 173961?
1
What is the units digit of 308487?
7
What is the thousands digit of 1349428?
9
What is the tens digit of 1280597?
9
What is the hundreds digit of 9005?
0
What is the units digit of 3581633?
3
What is the tens digit of 3451300?
0
What is the ten thousands digit of 4645434?
4
What is the ten thousands digit of 219147?
1
What is the units digit of 8225?
5
What is the units digit of 84566?
6
What is the tens digit of 2620397?
9
What is the ten thousands digit of 2440069?
4
What is the units digit of 177720?
0
What is the units digit of 790662?
2
What is the ten millions digit of 12703244?
1
What is the units digit of 69782?
2
What is the ten thousands digit of 27164605?
6
What is the hundreds digit of 136330?
3
What is the millions digit of 18192423?
8
What is the hundred thousands digit of 266685?
2
What is the units digit of 3472757?
7
What is the hundreds digit of 10597160?
1
What is the millions digit of 1803336?
1
What is the ten thousands digit of 1431011?
3
What is the thousands digit of 5271885?
1
What is the units digit of 74367?
7
What is the thousands digit of 13398?
3
What is the millions digit of 28953152?
8
What is the units digit of 116822?
2
What is the millions digit of 13295214?
3
What is the hundred thousands digit of 4920612?
9
What is the ten thousands digit of 1027835?
2
What is the hundreds digit of 430446?
4
What is the hundred thousands digit of 9145233?
1
What is the ten thousands digit of 76421?
7
What is the hundred thousands digit of 2344965?
3
What is the ten thousands digit of 199937?
9
What is the units digit of 115746?
6
What is the hundreds digit of 154991?
9
What is the hundred thousands digit of 779260?
7
What is the tens digit of 4695010?
1
What is the hundreds digit of 4935261?
2
What is the tens digit of 1861221?
2
What is the hundred thousands digit of 8277649?
2
What is the tens digit of 69426?
2
What is the thousands digit of 1165318?
5
What is the hundred thousands digit of 12033970?
0
What is the ten thousands digit of 497744?
9
What is the hundreds digit of 185892?
8
What is the thousands digit of 421730?
1
What is the tens digit of 36198?
9
What is the units digit of 15109265?
5
What is the ten thousands digit of 762052?
6
What is the ten thousands digit of 333390?
3
What is the tens digit of 8322486?
8
What is the ten thousands digit of 4314532?
1
What is the thousands digit of 1446873?
6
What is the ten thousands digit of 247519?
4
What is the millions digit of 2200182?
2
What is the ten thousands digit of 1912268?
1
What is the thousands digit of 67690?
7
What is the thousands digit of 345526?
5
What is the hundreds digit of 1557590?
5
What is the hundred thousands digit of 214240?
2
What is the hundred thousands digit of 332368?
3
What is the ten millions digit of 12734439?
1
What is the ten thousands digit of 1654707?
5
What is the hundreds digit of 14422040?
0
What is the units digit of 86088?
8
What is the hundred thousands digit of 634728?
6
What is the ten thousands digit of 2119518?
1
What is the hundreds digit of 137873?
8
What is the hundred thousands digit of 5181413?
1
What is the tens digit of 6484927?
2
What is the units digit of 1812296?
6
What is the tens digit of 357464?
6
What is the hundred thousands digit of 5449843?
4
What is the hundreds digit of 4919547?
5
What is the ten thousands digit of 2713908?
1
What is the thousands digit of 139436?
9
What is the ten 